{"id":14788,"date":"2023-02-15T18:41:14","date_gmt":"2023-02-15T17:41:14","guid":{"rendered":"http:\/\/resapac.org\/?page_id=14788"},"modified":"2025-07-03T14:31:51","modified_gmt":"2025-07-03T12:31:51","slug":"notre-carburant","status":"publish","type":"page","link":"https:\/\/resapac.org\/?page_id=14788","title":{"rendered":"Notre carburant"},"content":{"rendered":"<p>[vc_row][vc_column width=&#8221;2\/3&#8243;][vc_column_text]<\/p>\n<ul>\n<li>\u00c9videmment non polluant ! Notre carburant est d\u2019abord le <strong>b\u00e9n\u00e9volat<\/strong>. Chaque acteur.trice membre de RESAPAC accepte de donner de son temps et de son savoir car il en va de son int\u00e9r\u00eat comme de l\u2019avenir du Mali : <strong>manger local et sain<\/strong> est primordial pour notre sant\u00e9 et celle de notre environnement, maintenant, et \u00e0 long terme<\/li>\n<\/ul>\n<p>et<\/p>\n<ul>\n<li>Les cotisations annuelles de chaque membre. Le minimum requis est de 5 000 Fcfa pour tout membre participant activement \u00e0 l&#8217;organisation des march\u00e9s et \u00e9v\u00e8nements. Pour les autres : 10 000 Fcfa&#8230; avec invitation \u00e0 donner plus.<\/li>\n<\/ul>\n<p>[\/vc_column_text]<div id='ins-button-69e59708ba7a7' class='ins-button-wrapper     ' ><a class='ins-button title-font letter-spacing-1 text-white pc-border pc-bg btn-radius-default font-weight-700 btn-small text-uppercase ' href='#'  target='_self'><span>Don \/ Cotisation<\/span><\/a><\/div><script type=\"text\/javascript\">\n\t\t(function(jQuery) {\n\t\t\t\t\t})(jQuery);\n\t\t\t\t\t\t<\/script>[vc_column_text]<\/p>\n<ul>\n<li>Les dons d\u2019association et de priv\u00e9.\u00a0\u00a0\u00a0\u00a0\u00a0\u00a0\u00a0\u00a0\u00a0\u00a0\u00a0\u00a0\u00a0\u00a0\u00a0\u00a0\u00a0\u00a0\u00a0\u00a0\u00a0\u00a0\u00a0\u00a0\u00a0\u00a0\u00a0\u00a0\u00a0\u00a0\u00a0\u00a0\u00a0\u00a0\u00a0\u00a0\u00a0\u00a0\u00a0\u00a0\u00a0\u00a0\u00a0\u00a0\u00a0\u00a0\u00a0\u00a0\u00a0\u00a0\u00a0\u00a0\u00a0\u00a0\u00a0\u00a0\u00a0\u00a0\u00a0\u00a0\u00a0\u00a0\u00a0\u00a0\u00a0\u00a0\u00a0\u00a0\u00a0\u00a0\u00a0\u00a0\u00a0\u00a0\u00a0\u00a0\u00a0\u00a0\u00a0\u00a0\u00a0\u00a0\u00a0\u00a0\u00a0\u00a0\u00a0\u00a0\u00a0\u00a0\u00a0\u00a0\u00a0\u00a0\u00a0\u00a0\u00a0\u00a0\u00a0\u00a0 L\u2019association Bleu Citron, membre cr\u00e9ateur, a fait don plusieurs ann\u00e9es de suite<\/li>\n<li>Les campagnes de financements participatifs<\/li>\n<li>les soutiens financiers de bailleurs<\/li>\n<li>Les pr\u00eats solidaires<\/li>\n<\/ul>\n<p>[\/vc_column_text][vc_empty_space][\/vc_column][vc_column width=&#8221;1\/3&#8243;][vc_single_image image=&#8221;15312&#8243; img_size=&#8221;large&#8221;][vc_column_text]<\/p>\n<p style=\"text-align: center;\"><em>Rien ne vaut une \u00e9quipe soud\u00e9e pour aller loin.<br \/>\n<\/em><\/p>\n<p>[\/vc_column_text][vc_single_image image=&#8221;15378&#8243; img_size=&#8221;large&#8221;][vc_column_text]<\/p>\n<p style=\"text-align: center;\"><em>Rien ne vaut une \u00e9quipe enthousiaste\u00a0\u00a0\u00a0\u00a0\u00a0\u00a0\u00a0\u00a0\u00a0\u00a0\u00a0\u00a0\u00a0\u00a0\u00a0 pour r\u00e9ussir.<br \/>\n<\/em><\/p>\n<p>[\/vc_column_text][\/vc_column][\/vc_row]<\/p>\n","protected":false},"excerpt":{"rendered":"<p>[vc_row][vc_column width=&#8221;2\/3&#8243;][vc_column_text] \u00c9videmment non polluant ! Notre carburant est d\u2019abord le b\u00e9n\u00e9volat. Chaque acteur.trice membre de RESAPAC accepte de donner de son temps et de son savoir car il en [&hellip;]<\/p>\n","protected":false},"author":1,"featured_media":0,"parent":0,"menu_order":0,"comment_status":"closed","ping_status":"open","template":"","meta":{"footnotes":""},"class_list":["post-14788","page","type-page","status-publish","hentry"],"_links":{"self":[{"href":"https:\/\/resapac.org\/index.php?rest_route=\/wp\/v2\/pages\/14788","targetHints":{"allow":["GET"]}}],"collection":[{"href":"https:\/\/resapac.org\/index.php?rest_route=\/wp\/v2\/pages"}],"about":[{"href":"https:\/\/resapac.org\/index.php?rest_route=\/wp\/v2\/types\/page"}],"author":[{"embeddable":true,"href":"https:\/\/resapac.org\/index.php?rest_route=\/wp\/v2\/users\/1"}],"replies":[{"embeddable":true,"href":"https:\/\/resapac.org\/index.php?rest_route=%2Fwp%2Fv2%2Fcomments&post=14788"}],"version-history":[{"count":11,"href":"https:\/\/resapac.org\/index.php?rest_route=\/wp\/v2\/pages\/14788\/revisions"}],"predecessor-version":[{"id":15376,"href":"https:\/\/resapac.org\/index.php?rest_route=\/wp\/v2\/pages\/14788\/revisions\/15376"}],"wp:attachment":[{"href":"https:\/\/resapac.org\/index.php?rest_route=%2Fwp%2Fv2%2Fmedia&parent=14788"}],"curies":[{"name":"wp","href":"https:\/\/api.w.org\/{rel}","templated":true}]}}