{"id":14708,"date":"2023-02-15T15:46:28","date_gmt":"2023-02-15T14:46:28","guid":{"rendered":"http:\/\/resapac.org\/?page_id=14708"},"modified":"2025-06-30T21:32:59","modified_gmt":"2025-06-30T19:32:59","slug":"marche-de-sotuba","status":"publish","type":"page","link":"https:\/\/resapac.org\/?page_id=14708","title":{"rendered":"March\u00e9 Bio hebdo RESAPAC Sotuba"},"content":{"rendered":"<p>[vc_row][vc_column width=&#8221;1\/2&#8243;][vc_column_text]<\/p>\r\n<p>Le premier march\u00e9 de <strong>Sotuba<\/strong> d\u00e9but\u00e9 en 2017, est aujourd\u2019hui p\u00e9renne gr\u00e2ce \u00e0 l\u2019investissement des consom\u2019actrices aupr\u00e8s des paysans. Le porte \u00e0 porte dans le voisinage, la communication via les r\u00e9seaux sociaux, l\u2019engagement du groupe de consom\u2019actrices, leurs achats hebdomadaires r\u00e9guliers, leur soutien financier et logistique aux producteurs pour le d\u00e9marrage des productions et l\u2019approvisionnement r\u00e9gulier(par exemple : un cr\u00e9dit collectif pour l\u2019achat d\u2019un triporteur pour le transport des produits au march\u00e9), les discussions collectives sur la diversit\u00e9, la qualit\u00e9 et le prix des produits sont les fondements d\u2019un tel syst\u00e8me.<\/p>\r\n<p>[\/vc_column_text][vc_single_image image=&#8221;15286&#8243; img_size=&#8221;large&#8221; alignment=&#8221;right&#8221;]<div class=\"ins-custom-menu-wrapper  \"><ul id=\"menu-nos-marches-bio\" class=\"menu\"><li id=\"menu-item-14924\" class=\"menu-item menu-item-type-post_type menu-item-object-page menu-item-14924\"><a href=\"https:\/\/resapac.org\/?page_id=14728\">March\u00e9 Bio hebdo RESAPAC Badalabougou<\/a><\/li>\n<li id=\"menu-item-14925\" class=\"menu-item menu-item-type-post_type menu-item-object-page menu-item-14925\"><a href=\"https:\/\/resapac.org\/?page_id=14713\">March\u00e9 Bio hebdo RESAPAC Hippodrome<\/a><\/li>\n<li id=\"menu-item-14926\" class=\"menu-item menu-item-type-post_type menu-item-object-page menu-item-14926\"><a href=\"https:\/\/resapac.org\/?page_id=14719\">March\u00e9 Bio hebdo RESAPAC Magnambougou<\/a><\/li>\n<li id=\"menu-item-14927\" class=\"menu-item menu-item-type-post_type menu-item-object-page menu-item-14927\"><a href=\"https:\/\/resapac.org\/?page_id=14708\">March\u00e9 Bio hebdo RESAPAC Sotuba<\/a><\/li>\n<li id=\"menu-item-14928\" class=\"menu-item menu-item-type-post_type menu-item-object-page menu-item-14928\"><a href=\"https:\/\/resapac.org\/?page_id=14736\">March\u00e9 Bio hebdo RESAPAC Torokorobougou<\/a><\/li>\n<\/ul><\/div>\r[\/vc_column][vc_column width=&#8221;1\/2&#8243;][vc_video link=&#8221;https:\/\/youtu.be\/jM8DAf43se0&#8243;][vc_gmaps link=&#8221;#E-8_JTNDaWZyYW1lJTIwc3JjJTNEJTIyaHR0cHMlM0ElMkYlMkZ3d3cuZ29vZ2xlLmNvbSUyRm1hcHMlMkZlbWJlZCUzRnBiJTNEJTIxMW0xOCUyMTFtMTIlMjExbTMlMjExZDYyMjkyLjIyMTMxMDE5OTE2JTIxMmQtOC4wMTA2MzQyNDQ3NzU2NjglMjEzZDEyLjYzMDY4OTI2NjQ0NDc2MiUyMTJtMyUyMTFmMCUyMTJmMCUyMTNmMCUyMTNtMiUyMTFpMTAyNCUyMTJpNzY4JTIxNGYxMy4xJTIxM20zJTIxMW0yJTIxMXMweGU1MWQzN2RhY2FlNTljZCUyNTNBMHg4ZmE5NGVmNWY3N2E5YWZjJTIxMnNNYXJjaCUyNUMzJTI1QTklMjUyMEJJTyUyNTIwUkVTQVBBQyUyNTIwU290dWJhJTIxNWUwJTIxM20yJTIxMXNmciUyMTJzY2klMjE0djE2NzgzODE1Mjg3ODQlMjE1bTIlMjExc2ZyJTIxMnNjaSUyMiUyMHdpZHRoJTNEJTIyNjAwJTIyJTIwaGVpZ2h0JTNEJTIyNDUwJTIyJTIwc3R5bGUlM0QlMjJib3JkZXIlM0EwJTNCJTIyJTIwYWxsb3dmdWxsc2NyZWVuJTNEJTIyJTIyJTIwbG9hZGluZyUzRCUyMmxhenklMjIlMjByZWZlcnJlcnBvbGljeSUzRCUyMm5vLXJlZmVycmVyLXdoZW4tZG93bmdyYWRlJTIyJTNFJTNDJTJGaWZyYW1lJTNF&#8221;][\/vc_column][\/vc_row][vc_row][vc_column][\/vc_column][\/vc_row]<\/p>","protected":false},"excerpt":{"rendered":"<p>[vc_row][vc_column width=&#8221;1\/2&#8243;][vc_column_text] Le premier march\u00e9 de Sotuba d\u00e9but\u00e9 en 2017, est aujourd\u2019hui p\u00e9renne gr\u00e2ce \u00e0 l\u2019investissement des consom\u2019actrices aupr\u00e8s des paysans. Le porte \u00e0 porte dans le voisinage, la communication [&hellip;]<\/p>\n","protected":false},"author":1,"featured_media":0,"parent":0,"menu_order":0,"comment_status":"closed","ping_status":"open","template":"","meta":{"footnotes":""},"class_list":["post-14708","page","type-page","status-publish","hentry"],"_links":{"self":[{"href":"https:\/\/resapac.org\/index.php?rest_route=\/wp\/v2\/pages\/14708","targetHints":{"allow":["GET"]}}],"collection":[{"href":"https:\/\/resapac.org\/index.php?rest_route=\/wp\/v2\/pages"}],"about":[{"href":"https:\/\/resapac.org\/index.php?rest_route=\/wp\/v2\/types\/page"}],"author":[{"embeddable":true,"href":"https:\/\/resapac.org\/index.php?rest_route=\/wp\/v2\/users\/1"}],"replies":[{"embeddable":true,"href":"https:\/\/resapac.org\/index.php?rest_route=%2Fwp%2Fv2%2Fcomments&post=14708"}],"version-history":[{"count":20,"href":"https:\/\/resapac.org\/index.php?rest_route=\/wp\/v2\/pages\/14708\/revisions"}],"predecessor-version":[{"id":15526,"href":"https:\/\/resapac.org\/index.php?rest_route=\/wp\/v2\/pages\/14708\/revisions\/15526"}],"wp:attachment":[{"href":"https:\/\/resapac.org\/index.php?rest_route=%2Fwp%2Fv2%2Fmedia&parent=14708"}],"curies":[{"name":"wp","href":"https:\/\/api.w.org\/{rel}","templated":true}]}}